{"id":186,"date":"2021-03-14T22:33:17","date_gmt":"2021-03-14T22:33:17","guid":{"rendered":"https:\/\/bolle.com.co\/?post_type=product&#038;p=186"},"modified":"2026-02-26T16:40:01","modified_gmt":"2026-02-26T16:40:01","slug":"chronoshield-titanium-matte-volt-ultraviolet-polarized","status":"publish","type":"product","link":"https:\/\/bolle.com.co\/index.php\/product\/chronoshield-titanium-matte-volt-ultraviolet-polarized\/","title":{"rendered":"CHRONOSHIELD TITANIUM MATTE &#8211; VOLT + ULTRAVIOLET POLARIZED"},"content":{"rendered":"<p>En 1986, CHRONOSHIELD se adelant\u00f3 a su \u00e9poca. Hoy, no es diferente. Aunque rinde homenaje al extraordinario dise\u00f1o original, el perfil refinado de CHRONOSHIELD y el uso de tecnolog\u00edas modernas garantizan que siga estando a la vanguardia y sea un referente en cuanto a estilo, ajuste, comodidad o rendimiento. Disponible con Phantom, la lente fotocrom\u00e1tica de mayor rendimiento del mercado.<\/p>\n<div id=\"collapsibleDescription\" class=\"row justify-content-start mb-5 collapse show\">\n<div class=\"col-sm-12 col-lg-8 long-description_content\">\n<ul>\n<li>Peso : 41g<\/li>\n<li>Plaquetas para la Nariz Ajustables<\/li>\n<li>Terminales Varillas Ajustables<\/li>\n<li>Tratamiento Anti-Rayanoes<\/li>\n<li>Tratamiento Oleof\u00f3bico<\/li>\n<li>Thermogrip\u00ae<\/li>\n<li>Lentes VOLT +<\/li>\n<li>Lente Resistente a Impactos NXT\u00ae<\/li>\n<\/ul>\n<p><strong>VOLT+ ULTRAVIOLET &#8211; CAT 3<\/strong><\/p>\n<\/div>\n<\/div>\n","protected":false},"excerpt":{"rendered":"<div class=\"row\">\n<div class=\"col-12\">\n<div>En 1986, CHRONOSHIELD se adelant\u00f3 a su \u00e9poca. Hoy, no es diferente. Aunque rinde homenaje al extraordinario dise\u00f1o original, el perfil refinado de CHRONOSHIELD y el uso de tecnolog\u00edas modernas garantizan que siga estando a la vanguardia y sea un referente en cuanto a estilo, ajuste, comodidad o rendimiento. Disponible con Phantom, la lente fotocrom\u00e1tica de mayor rendimiento del mercado.<\/div>\n<div><\/div>\n<div><strong>VOLT+ ULTRAVIOLET &#8211; CAT 3<\/strong><\/div>\n<p>&nbsp;<\/p>\n<\/div>\n<\/div>\n","protected":false},"featured_media":1212,"template":"","meta":{"_acf_changed":false},"product_brand":[],"product_cat":[158,20,36],"product_tag":[],"class_list":{"0":"post-186","1":"product","2":"type-product","3":"status-publish","4":"has-post-thumbnail","6":"product_cat-dsi02","7":"product_cat-gafas-bolle-en-colombia","8":"product_cat-volt","10":"first","11":"instock","12":"taxable","13":"shipping-taxable","14":"purchasable","15":"product-type-simple"},"acf":[],"_links":{"self":[{"href":"https:\/\/bolle.com.co\/index.php\/wp-json\/wp\/v2\/product\/186","targetHints":{"allow":["GET"]}}],"collection":[{"href":"https:\/\/bolle.com.co\/index.php\/wp-json\/wp\/v2\/product"}],"about":[{"href":"https:\/\/bolle.com.co\/index.php\/wp-json\/wp\/v2\/types\/product"}],"wp:featuredmedia":[{"embeddable":true,"href":"https:\/\/bolle.com.co\/index.php\/wp-json\/wp\/v2\/media\/1212"}],"wp:attachment":[{"href":"https:\/\/bolle.com.co\/index.php\/wp-json\/wp\/v2\/media?parent=186"}],"wp:term":[{"taxonomy":"product_brand","embeddable":true,"href":"https:\/\/bolle.com.co\/index.php\/wp-json\/wp\/v2\/product_brand?post=186"},{"taxonomy":"product_cat","embeddable":true,"href":"https:\/\/bolle.com.co\/index.php\/wp-json\/wp\/v2\/product_cat?post=186"},{"taxonomy":"product_tag","embeddable":true,"href":"https:\/\/bolle.com.co\/index.php\/wp-json\/wp\/v2\/product_tag?post=186"}],"curies":[{"name":"wp","href":"https:\/\/api.w.org\/{rel}","templated":true}]}}