{"id":2459,"date":"2021-08-18T21:24:21","date_gmt":"2021-08-18T21:24:21","guid":{"rendered":"https:\/\/bolle.com.co\/?post_type=product&#038;p=2459"},"modified":"2024-07-26T01:23:53","modified_gmt":"2024-07-26T01:23:53","slug":"cobalt-matte-black","status":"publish","type":"product","link":"https:\/\/bolle.com.co\/index.php\/product\/cobalt-matte-black\/","title":{"rendered":"COBALT MATTE BLACK"},"content":{"rendered":"<p>Una verdadera herencia de monta\u00f1a se ha fusionado con una forma moderna para crear COBALT.\u00a0Las caracter\u00edsticas clave incluyen lentes Phantom (Cat.2-4), protectores laterales inyectados extra\u00edbles y un estilo atrevido para un verdadero producto h\u00edbrido.\u00a0Desde cumbres hasta calles, COBALT ser\u00e1 tu mejor aliado.<br \/>\nHD Polarized TNS Gun cat 3\u00a0<span class=\"lens-attribute-category\">&#8211; Cat. 3<\/span><\/p>\n<ul>\n<li style=\"list-style-type: none;\">\n<ul>\n<li>Peso: 33g<\/li>\n<li>Disponible en prescripci\u00f3n<\/li>\n<li>Thermogrip\u00ae<\/li>\n<li>Protectores laterales<\/li>\n<li>Protecci\u00f3n UV 100%<\/li>\n<li>Polarizado<\/li>\n<\/ul>\n<\/li>\n<\/ul>\n","protected":false},"excerpt":{"rendered":"<p>Una verdadera herencia de monta\u00f1a se ha fusionado con una forma moderna para crear COBALT.\u00a0Las caracter\u00edsticas clave incluyen lentes Phantom (Cat.2-4), protectores laterales inyectados extra\u00edbles y un estilo atrevido para un verdadero producto h\u00edbrido.\u00a0Desde cumbres hasta calles, COBALT ser\u00e1 tu mejor aliado.<\/p>\n<p>No m\u00e1s reflejos perturbadores con esta lente de policarbonato polarizado.\u00a0Proporciona protecci\u00f3n 100% UV con una base gris que mantiene la percepci\u00f3n natural del color.<\/p>\n<ul>\n<li>Peso: 33g<\/li>\n<li>Disponible en prescripci\u00f3n<\/li>\n<li>Thermogrip\u00ae<\/li>\n<li>Protectores laterales<\/li>\n<li>Protecci\u00f3n UV 100%<\/li>\n<li>Polarizado<\/li>\n<\/ul>\n","protected":false},"featured_media":2460,"template":"","meta":{"_acf_changed":false},"product_brand":[],"product_cat":[158,127,20],"product_tag":[],"class_list":{"0":"post-2459","1":"product","2":"type-product","3":"status-publish","4":"has-post-thumbnail","6":"product_cat-dsi02","7":"product_cat-phanton-gafas-bolle-en-colombia","8":"product_cat-gafas-bolle-en-colombia","9":"pa_color-shifter-crystal-navy-matte","11":"first","12":"outofstock","13":"featured","14":"taxable","15":"shipping-taxable","16":"purchasable","17":"product-type-simple"},"acf":[],"_links":{"self":[{"href":"https:\/\/bolle.com.co\/index.php\/wp-json\/wp\/v2\/product\/2459","targetHints":{"allow":["GET"]}}],"collection":[{"href":"https:\/\/bolle.com.co\/index.php\/wp-json\/wp\/v2\/product"}],"about":[{"href":"https:\/\/bolle.com.co\/index.php\/wp-json\/wp\/v2\/types\/product"}],"wp:featuredmedia":[{"embeddable":true,"href":"https:\/\/bolle.com.co\/index.php\/wp-json\/wp\/v2\/media\/2460"}],"wp:attachment":[{"href":"https:\/\/bolle.com.co\/index.php\/wp-json\/wp\/v2\/media?parent=2459"}],"wp:term":[{"taxonomy":"product_brand","embeddable":true,"href":"https:\/\/bolle.com.co\/index.php\/wp-json\/wp\/v2\/product_brand?post=2459"},{"taxonomy":"product_cat","embeddable":true,"href":"https:\/\/bolle.com.co\/index.php\/wp-json\/wp\/v2\/product_cat?post=2459"},{"taxonomy":"product_tag","embeddable":true,"href":"https:\/\/bolle.com.co\/index.php\/wp-json\/wp\/v2\/product_tag?post=2459"}],"curies":[{"name":"wp","href":"https:\/\/api.w.org\/{rel}","templated":true}]}}