{"id":3237,"date":"2023-04-24T20:07:07","date_gmt":"2023-04-24T20:07:07","guid":{"rendered":"https:\/\/bolle.com.co\/?post_type=product&#038;p=3237"},"modified":"2026-02-26T16:31:28","modified_gmt":"2026-02-26T16:31:28","slug":"icarus-acid-yellow-matte-brown-blue","status":"publish","type":"product","link":"https:\/\/bolle.com.co\/index.php\/product\/icarus-acid-yellow-matte-brown-blue\/","title":{"rendered":"ICARUS ACID YELLOW MATTE &#8211; BROWN BLUE"},"content":{"rendered":"<p>Cuando se trata de ligereza, no busques m\u00e1s. Las gafas Icarus son el nuevo modelo ultraligero sin montura de Boll\u00e9, con solo 24 gr de rendimiento puro. La gran estabilidad est\u00e1 garantizada debido al uso de la goma Thermogrip\u00ae tanto en las patillas curvadas en forma de S como en el puente. Estas gafas con base 6 est\u00e1n disponibles con la lente Phantom, la lente fotocrom\u00e1tica m\u00e1s avanzada del mercado, y con Volt+, nuestra revolucionaria lente polarizada de alto contraste.<\/p>\n<p><strong><em>BROWN BLUE &#8211; CAT 3\u00a0<\/em><\/strong><\/p>\n","protected":false},"excerpt":{"rendered":"<p>Una lente cl\u00e1sica de policarbonato para una excelente visibilidad y una protecci\u00f3n UV del 100%. Su tinte azul aumenta los contrastes en el agua.<\/p>\n<ul class=\"list-unstyled mt-3\">\n<li>\u00a0100% protecci\u00f3n UV.<\/li>\n<li><i class=\"fas fa-check\"><\/i>\u00a0Ligera.<\/li>\n<li><i class=\"fas fa-check\"><\/i>\u00a0Visibilidad.<\/li>\n<li><i class=\"fas fa-check\"><\/i>\u00a0Protecci\u00f3n.<\/li>\n<\/ul>\n<p><strong><em>BROWN BLUE &#8211; CAT 3\u00a0<\/em><\/strong><\/p>\n","protected":false},"featured_media":3238,"template":"","meta":{"_acf_changed":false},"product_brand":[],"product_cat":[160,158,45,20],"product_tag":[],"class_list":{"0":"post-3237","1":"product","2":"type-product","3":"status-publish","4":"has-post-thumbnail","6":"product_cat-black-friday","7":"product_cat-dsi02","8":"product_cat-policarbonato","9":"product_cat-gafas-bolle-en-colombia","10":"pa_color-shifter-titanium-matte","12":"first","13":"instock","14":"taxable","15":"shipping-taxable","16":"purchasable","17":"product-type-simple"},"acf":[],"_links":{"self":[{"href":"https:\/\/bolle.com.co\/index.php\/wp-json\/wp\/v2\/product\/3237","targetHints":{"allow":["GET"]}}],"collection":[{"href":"https:\/\/bolle.com.co\/index.php\/wp-json\/wp\/v2\/product"}],"about":[{"href":"https:\/\/bolle.com.co\/index.php\/wp-json\/wp\/v2\/types\/product"}],"wp:featuredmedia":[{"embeddable":true,"href":"https:\/\/bolle.com.co\/index.php\/wp-json\/wp\/v2\/media\/3238"}],"wp:attachment":[{"href":"https:\/\/bolle.com.co\/index.php\/wp-json\/wp\/v2\/media?parent=3237"}],"wp:term":[{"taxonomy":"product_brand","embeddable":true,"href":"https:\/\/bolle.com.co\/index.php\/wp-json\/wp\/v2\/product_brand?post=3237"},{"taxonomy":"product_cat","embeddable":true,"href":"https:\/\/bolle.com.co\/index.php\/wp-json\/wp\/v2\/product_cat?post=3237"},{"taxonomy":"product_tag","embeddable":true,"href":"https:\/\/bolle.com.co\/index.php\/wp-json\/wp\/v2\/product_tag?post=3237"}],"curies":[{"name":"wp","href":"https:\/\/api.w.org\/{rel}","templated":true}]}}